 1525 is divided by 110?
95
What is the remainder when 324 is divided by 65?
64
What is the remainder when 615 is divided by 20?
15
Calculate the remainder when 530 is divided by 173.
11
What is the remainder when 110 is divided by 42?
26
What is the remainder when 142 is divided by 11?
10
Calculate the remainder when 2801 is divided by 17.
13
What is the remainder when 4355 is divided by 109?
104
Calculate the remainder when 100 is divided by 93.
7
What is the remainder when 2458 is divided by 23?
20
Calculate the remainder when 2634 is divided by 14.
2
Calculate the remainder when 5519 is divided by 19.
9
What is the remainder when 474 is divided by 19?
18
What is the remainder when 108 is divided by 10?
8
Calculate the remainder when 358 is divided by 75.
58
What is the remainder when 322 is divided by 29?
3
Calculate the remainder when 2397 is divided by 48.
45
Calculate the remainder when 130 is divided by 50.
30
What is the remainder when 2408 is divided by 148?
40
What is the remainder when 1131 is divided by 1130?
1
What is the remainder when 43397 is divided by 280?
277
What is the remainder when 2864 is divided by 99?
92
Calculate the remainder when 555 is divided by 9.
6
Calculate the remainder when 127 is divided by 22.
17
Calculate the remainder when 220 is divided by 16.
12
What is the remainder when 3595 is divided by 62?
61
What is the remainder when 284 is divided by 26?
24
Calculate the remainder when 209 is divided by 21.
20
What is the remainder when 344 is divided by 69?
68
What is the remainder when 690 is divided by 7?
4
Calculate the remainder when 3379 is divided by 1683.
13
What is the remainder when 163 is divided by 113?
50
What is the remainder when 91 is divided by 48?
43
What is the remainder when 208 is divided by 24?
16
Calculate the remainder when 63 is divided by 42.
21
Calculate the remainder when 58 is divided by 10.
8
What is the remainder when 202 is divided by 27?
13
Calculate the remainder when 95 is divided by 19.
0
What is the remainder when 712 is divided by 42?
40
What is the remainder when 4145 is divided by 61?
58
Calculate the remainder when 91 is divided by 19.
15
Calculate the remainder when 257 is divided by 13.
10
Calculate the remainder when 146 is divided by 63.
20
Calculate the remainder when 21414 is divided by 33.
30
Calculate the remainder when 245 is divided by 41.
40
Calculate the remainder when 881 is divided by 68.
65
What is the remainder when 457 is divided by 152?
1
Calculate the remainder when 2083 is divided by 51.
43
Calculate the remainder when 150 is divided by 87.
63
Calculate the remainder when 62 is divided by 16.
14
Calculate the remainder when 7033 is divided by 5.
3
Calculate the remainder when 304 is divided by 9.
7
Calculate the remainder when 149 is divided by 46.
11
Calculate the remainder when 824 is divided by 10.
4
Calculate the remainder when 5344 is divided by 57.
43
What is the remainder when 2802 is divided by 231?
30
What is the remainder when 392 is divided by 66?
62
What is the remainder when 47518 is divided by 20?
18
What is the remainder when 1074 is divided by 47?
40
What is the remainder when 406 is divided by 10?
6
What is the remainder when 72 is divided by 23?
3
Calculate the remainder when 400 is divided by 45.
40
Calculate the remainder when 183 is divided by 28.
15
Calculate the remainder when 435 is divided by 97.
47
Calculate the remainder when 2461 is divided by 85.
81
Calculate the remainder when 372 is divided by 198.
174
What is the remainder when 10843 is divided by 17?
14
Calculate the remainder when 238 is divided by 27.
22
Calculate the remainder when 9719 is divided by 135.
134
Calculate the remainder when 355 is divided by 82.
27
What is the remainder when 659 is divided by 66?
65
What is the remainder when 11281 is divided by 52?
49
Calculate the remainder when 178 is divided by 20.
18
What is the remainder when 90 is divided by 19?
14
Calculate the remainder when 84 is divided by 44.
40
What is the remainder when 177 is divided by 12?
9
Calculate the remainder when 218 is divided by 18.
2
Calculate the remainder when 18 is divided by 11.
7
Calculate the remainder when 462 is divided by 224.
14
Calculate the remainder when 189 is divided by 37.
4
Calculate the remainder when 231 is divided by 222.
9
Calculate the remainder when 2048 is divided by 292.
4
Calculate the remainder when 50 is divided by 18.
14
What is the remainder when 133 is divided by 41?
10
Calculate the remainder when 231 is divided by 39.
36
What is the remainder when 302 is divided by 34?
30
What is the remainder when 1379 is divided by 6?
5
What is the remainder when 2531 is divided by 361?
4
Calculate the remainder when 640 is divided by 44.
24
Calculate the remainder when 355 is divided by 32.
3
Calculate the remainder when 1485 is divided by 8.
5
Calculate the remainder when 1251 is divided by 31.
11
What is the remainder when 379 is divided by 62?
7
Calculate the remainder when 331 is divided by 65.
6
What is the remainder when 238 is divided by 30?
28
What is the remainder when 6733 is divided by 26?
25
What is the remainder when 130 is divided by 40?
10
Calculate the remainder when 1138 is divided by 67.
66
Calculate the remainder when 1715 is divided by 71.
11
What is the remainder when 156 is divided by 51?
3
What is the remainder when 174 is divided by 147?
27
What is the remainder when 89 is divided by 15?
14
Calculate the remainder when 3562 is divided by 11.
9
Calculate the remainder when 199 is divided by 90.
19
What is the remainder when 180 is divided by 56?
12
Calculate the remainder when 3209 is divided by 4.
1
What is the remainder when 304 is divided by 3?
1
Calculate the remainder when 4583 is divided by 85.
78
Calculate the remainder when 543 is divided by 14.
11
Calculate the remainder when 4596 is divided by 46.
42
What is the remainder when 12 is divided by 5?
2
Calculate the remainder when 488 is divided by 300.
188
Calculate the remainder when 131 is divided by 5.
1
What is the remainder when 1618 is divided by 58?
52
What is the remainder when 226 is divided by 47?
38
What is the remainder when 263 is divided by 5?
3
What is the remainder when 288 is divided by 70?
8
Calculate the remainder when 20 is divided by 16.
4
What is the remainder when 49 is divided by 13?
10
What is the remainder when 1103 is divided by 23?
22
Calculate the remainder when 2988 is divided by 23.
21
What is the remainder when 233 is divided by 49?
37
What is the remainder when 8212 is divided by 265?
262
What is the remainder when 29763 is divided by 242?
239
What is the remainder when 650 is divided by 156?
26
Calculate the remainder when 7236 is divided by 28.
12
What is the remainder when 217 is divided by 32?
25
What is the remainder when 491 is divided by 129?
104
What is the remainder when 469 is divided by 24?
13
Calculate the remainder when 30 is divided by 13.
4
Calculate the remainder when 1264 is divided by 26.
16
What is the remainder when 813 is divided by 37?
36
What is the remainder when 749 is divided by 25?
24
What is the remainder when 6792 is divided by 43?
41
Calculate the remainder when 573 is divided by 72.
69
What is the remainder when 449 is divided by 82?
39
Calculate the remainder when 69 is divided by 22.
3
Calculate the remainder when 1113 is divided by 31.
28
What is the remainder when 228 is divided by 23?
21
Calculate the remainder when 128 is divided by 88.
40
Calculate the remainder when 35 is divided by 22.
13
Calculate the remainder when 72 is divided by 3.
0
Calculate the remainder when 352 is divided by 88.
0
Calculate the remainder when 129 is divided by 20.
9
What is the remainder when 212 is divided by 157?
55
What is the remainder when 11965 is divided by 64?
61
What is the remainder when 192 is divided by 92?
8
Calculate the remainder when 7199 is divided by 18.
17
Calculate the remainder when 3122 is divided by 40.
2
Calculate the remainder when 7 is divided by 4.
3
Calculate the remainder when 105 is divided by 36.
33
What is the remainder when 30 is divided by 17?
13
What is the remainder when 637 is divided by 32?
29
Calculate the remainder when 702 is divided by 7.
2
Calculate the remainder when 1808 is divide